. Let w = v + 23. What are the prime factors of w + (89 - (1 - 1))?
7, 13
Let m(d) be the third derivative of 0*d + 1/20*d**6 - 1/15*d**5 + 0*d**3 + 1/12*d**4 + 0 - 9*d**2. What are the prime factors of m(2)?
2, 3
Suppose j = -2*l - 908 + 2561, l - 4*j = 813. Let y = l - 566. List the prime factors of y.
7, 37
Let f(c) = -3*c**3 + 8*c**2 - 82*c - 44. List the prime factors of f(-13).
5, 11, 163
Suppose 2*l - 152 - 122 = -4*p, 5*p = -2*l + 275. Suppose 5*f - 3*h - 29 = 130, -5*h + l = 5*f. What are the prime factors of ((-76)/12)/((-2)/f)?
5, 19
Let i be (-1)/((-8)/1674) + (-23)/92. Suppose 31*q - 30*q = i. Suppose -2*p - 49 = -q. What are the prime factors of p?
2, 5
Let s(n) = -n**2 - n + 3. Let j be s(-3). Let v(u) = u. Let a(i) = 16*i - 4. Let q(p) = -a(p) - v(p). List the prime factors of q(j).
5, 11
Let w(q) = -31*q**3 + 35*q**2 + 515*q + 11. What are the prime factors of w(-12)?
41, 1279
Suppose -9*v - 24 = -3*v. Let y(q) = q**3 - 6*q**2 + 2*q - 8. Let c be y(6). List the prime factors of (v/2 + c)/((-30)/(-885)).
59
Let r = -929 - -487. Let q = r + 663. List the prime factors of q.
13, 17
Let q be (-1 - (-2 + (-4 - -9))) + 20. Let w be 1 + 0 + 1 - (q - 14). Suppose w = a - 79 - 70. What are the prime factors of a?
149
Let q = -1889 + 2936. Suppose -18*o + 7197 = -q. What are the prime factors of o?
2, 229
Suppose -10 + 22 = 2*t. Suppose t*b - 553 = 1679. List the prime factors of b.
2, 3, 31
Let s(h) = -2*h**3 - 27*h**2 + 18*h - 28. Let m be s(-14). Suppose -3*b + 25 = -8*b. Let x = b - m. What are the prime factors of x?
79
Suppose 404*q - 407*q + 17565 = 0. Suppose -83*l - q = -88*l. What are the prime factors of l?
1171
What are the prime factors of 3*2/(-30)*-15245?
3049
Let p be (-3 - 1) + ((-2)/4)/(3/1272). Let o(f) = f**2 + 6*f + 1. Let u be o(-7). Let h = u - p. List the prime factors of h.
2, 7
Let q = 88 + -82. Suppose 6*o + 10 = 4*o - 5*y, 0 = -3*o + 3*y + q. List the prime factors of -1*(-1)/(-1) + 154 + o.
3, 17
Suppose -2*r - 2*v = -5*r - 45, -4*v = -3*r - 51. Let a(t) = 4*t**2 + 7*t - 40. List the prime factors of a(r).
5, 109
What are the prime factors of -8*(1 + 115/(-100))*-5 + 33280?
2, 127, 131
Let v be 3/(24/(-8))*(-1 - 3). Suppose v*y + 10*y = 11326. What are the prime factors of y?
809
Suppose -2*a + 5 = k + 3*a, -3*k + 2 = 2*a. Suppose 53*o - 54*o + 86 = k. List the prime factors of o.
2, 43
Let p(n) = 2*n**2 + 32*n - 21. Let b be (-233)/11 - (1 + (-39)/33). List the prime factors of p(b).
3, 7
Let y(o) = 26*o**2 - 3*o + 120. List the prime factors of y(-23).
73, 191
Suppose 2*n + 3*o - 1200 = 0, -n + 5*o = -4*n + 1798. Let m = n + -357. List the prime factors of m.
3, 83
What are the prime factors of (-8*13/52)/(4/(-12606))?
3, 11, 191
Let l(k) = -6*k**2 - 50*k - 19. Let y be l(-8). What are the prime factors of (1/(y/(-6)))/((-4)/(-422))?
211
Let w(v) = -28*v**3 + 17*v**2 + 32*v + 87. List the prime factors of w(-9).
2, 3, 7, 257
Suppose 0 = 2*u + 46*q - 48*q - 61030, -2*u + 60988 = 4*q. List the prime factors of u.
2, 29, 263
Let i = 9564 - -3521. What are the prime factors of i?
5, 2617
Let s = 3 + -71. Let o = s - -167. Suppose 423 = 3*b + o. List the prime factors of b.
2, 3
Suppose 3492 + 15217 = q. What are the prime factors of q?
53, 353
Let y(g) = 4*g**3 - 10*g**2 + 5*g - 15. List the prime factors of y(12).
3, 613
Let w = -2085 - -17683. List the prime factors of w.
2, 11, 709
Let g(x) = x**3 + 59*x**2 - 22*x - 250. What are the prime factors of g(-48)?
2, 5, 523
Suppose -7*i + 301 - 28 = 0. Suppose a + i = 45. Let u(z) = -z**2 + 13*z + 9. What are the prime factors of u(a)?
3, 17
Let d(w) = 9*w + 4 - 16*w - 81*w - 5*w + 15*w. List the prime factors of d(-8).
2, 157
Let x = -412 + 388. What are the prime factors of (90/x + 2)/((-2)/968)?
7, 11
Suppose -v - 7*g - 38 = -2*g, 4*v + 5*g + 122 = 0. Let d be (105/75)/((-1)/(-5)). What are the prime factors of (v + d)/((-12)/8)?
2, 7
Suppose -f - 2*p + 8984 = 0, -4*f + 2491*p = 2487*p - 35984. What are the prime factors of f?
2, 281
Let i = 462 + -460. Suppose 5*u - 4*s = 3442, -i*s = 5*u - 3*u - 1366. What are the prime factors of u?
2, 7
Suppose 2 = -7*i + 58. Suppose -w = -2*a - 78, i*a - 3*a - 64 = -w. Suppose -149*u - w = -151*u. What are the prime factors of u?
37
Suppose 2*z = -5*m + 65, 2*m - 42*z - 7 = -39*z. Suppose 12*q = m*q + 601. List the prime factors of q.
601
Let k = 72 - 234. Let j = k + 365. What are the prime factors of j?
7, 29
What are the prime factors of (-48315)/(-6) - (10/(-4) - -4)?
83, 97
Suppose -47*b + 45*b = 5*f - 23129, 4*b = -3*f + 46293. List the prime factors of b.
3, 17, 227
Let r = 163 - 673. Let f = -358 - r. List the prime factors of f.
2, 19
What are the prime factors of (-3)/(-9) - (-8573409)/351?
2, 3, 23, 59
What are the prime factors of 54/(-18)*-2 + 3 - 172902/(-2)?
2, 3, 5, 11, 131
Let p = 1509 + -950. Let r = -53 + p. List the prime factors of r.
2, 11, 23
Suppose 0 = 29*y - 34458 - 24934. What are the prime factors of y?
2
Let t(g) = g**3 + 25*g**2 + 86*g + 36. Let s be t(-21). Let m be (-6)/(-4)*152/6. List the prime factors of s/(-15)*5*m/2.
2, 19
Suppose 18337 = 27*l - 1008545 - 935856. What are the prime factors of l?
2, 19, 1913
Let i = -10054 + 17081. List the prime factors of i.
7027
Let l(r) = 2*r**2 - 8*r - 16. Let a(z) = 3*z + 8. Let q be a(-4). Let c(s) = -s**3 - 5*s**2 - 5*s + 4. Let b be c(q). List the prime factors of l(b).
2, 3
Let q = -63508 + 91902. What are the prime factors of q?
2, 14197
Suppose 5*x = 2*p + 25834, 0 = 34*x - 29*x - 4*p - 25838. List the prime factors of x.
2, 3, 7, 41
Let r(a) = -11070*a - 2603. What are the prime factors of r(-4)?
71, 587
Suppose -2*m + u = 2*m + 3645, -2*m + u = 1825. Let p be m/9*-3 - (-4)/(-12). Let w = p - 186. List the prime factors of w.
3, 13
List the prime factors of ((-76)/(-342))/(6/1855926).
2, 34369
Suppose -13*a - 396 = -93697. What are the prime factors of a?
7177
Let h(p) = 2*p**2 - 162*p + 124. List the prime factors of h(99).
2, 461
Let g be (10/(-20))/(2/(-100)). Let w = g - -180. List the prime factors of w.
5, 41
List the prime factors of (5/2)/(12 + -16 + (-45849)/(-11462)).
5, 11, 521
Suppose 23*f + 51 = 26*f. Suppose -f*b + 16*b = -378. Suppose -4*q + b = -154. List the prime factors of q.
7, 19
Let n = 47571 + -33354. List the prime factors of n.
3, 7, 677
Suppose -916*j + 3732619 = -119*j - 25240722. What are the prime factors of j?
36353
Suppose 2*r = -89 + 99. Suppose 0 = 3*u - r*h - 2324, -h = u + h - 793. List the prime factors of u.
3, 29
Suppose 4*z = 5*p - 9080 - 27747, -4*p + 29462 = -3*z. What are the prime factors of p?
53, 139
Let v = -132 - -132. Suppose v = 2*s - 1032 - 962. List the prime factors of s.
997
Let b(h) = 987*h**2 + 953*h - 2. What are the prime factors of b(-8)?
2, 3, 9257
Suppose -4311*f - 251237 = -4318*f. What are the prime factors of f?
19, 1889
Suppose 0*v = 4*v - 124. Suppose -68 = -9*b - 23. What are the prime factors of v + b/((-5)/1)?
2, 3, 5
Suppose 25726 = 2*h - 5*y, -3*h - y + 37442 = -1113. List the prime factors of h.
12853
Let p(c) = -2*c + 42. Let h be p(0). Let r be h/9*(-9)/(-6). What are the prime factors of 1*-54*r/(-3)?
2, 3, 7
Suppose -v = 2*w - 16023, 4*w - 22303 = -5*v + 9740. List the prime factors of w.
2, 2003
Suppose v - 1 = -3*l, -5*l + v + 6 = -l. Let w be (4/(-8)*l)/((-1)/14). Suppose -w*r = -2729 + 916. What are the prime factors of r?
7, 37
Let o = 939 - 640. Suppose 4*x - o = -c, -5*c + x + 1111 = -c. What are the prime factors of c?
3, 31
Suppose 5*j - 1191 = 329. Suppose 4*i = -5*p + 622, 2*i + 3*p - j = 4*p. Let b = -30 + i. List the prime factors of b.
3, 41
List the prime factors of (-69 - -5)/(1 - 890/886).
2, 443
Suppose 0 = 85*s - 913919 - 1062586. What are the prime factors of s?
3, 23, 337
Let z(m) be the first derivative of m**3 - m**2/2 - m - 1. Suppose -28 = 14*c + 42. List the prime factors of z(c).
79
Let u(t) = t**3 + 30*t**2 - 58*t - 18. Let l be u(-28). Suppose l = 23*r - 0*r. What are the prime factors of r?
2, 3, 23
Let j be (-3 - -4) + 65*(2 - 3). Let y = -60 - j. Suppose -11*a + 510 = y*a. List the prime factors of a.
2, 17
Suppose -5*z = 19 + 1, -3*a = -z - 2164. Let c = a - 313. Suppose -n - 10*n + c = 0. List the prime factors of n.
37
Let p be